{"id":209,"date":"2020-04-02T11:46:25","date_gmt":"2020-04-02T11:46:25","guid":{"rendered":"http:\/\/www.maien.de\/?page_id=209"},"modified":"2026-04-09T07:14:11","modified_gmt":"2026-04-09T07:14:11","slug":"herzlich-willkommen-im-hotel-restaurant-maien","status":"publish","type":"page","link":"https:\/\/www.maien.de\/","title":{"rendered":"Herzlich Willkommen im Hotel-Restaurant Maien"},"content":{"rendered":"\n<p><strong>Aktuelle \u00d6ffnungszeiten: <\/strong><\/p>\n\n\n\n<ul class=\"wp-block-list\">\n<li>Montag bis Donnerstag 10:00 &#8211; 21:00 Uhr<\/li>\n\n\n\n<li>Freitag bis Sonntag : 10:00 &#8211; 22:00 Uhr<\/li>\n<\/ul>\n\n\n\n<p>&#8222;Der Maien&#8220; &#8211; wie er in Todtmoos liebvoll genannt wird &#8211; ist ein zentral gelegener, familiengef\u00fchrter Gasthof im Ortskern von Todtmoos. Wir verf\u00fcgen \u00fcber 23 G\u00e4stezimmer und ein schwarzwaldtypisches Restaurant.<\/p>\n\n\n<\/p>\n\n\n<div class=\"wp-block-image size-large\">\n<figure class=\"aligncenter size-full\"><img loading=\"lazy\" decoding=\"async\" width=\"809\" height=\"552\" src=\"https:\/\/www.maien.de\/wp-content\/uploads\/2026\/04\/IMG_4822.jpeg\" alt=\"\" class=\"wp-image-644\" srcset=\"https:\/\/www.maien.de\/wp-content\/uploads\/2026\/04\/IMG_4822.jpeg 809w, https:\/\/www.maien.de\/wp-content\/uploads\/2026\/04\/IMG_4822-300x205.jpeg 300w, https:\/\/www.maien.de\/wp-content\/uploads\/2026\/04\/IMG_4822-768x524.jpeg 768w\" sizes=\"auto, (max-width: 809px) 85vw, 809px\" \/><\/figure>\n<\/div>\n\n<p>\n\n\n\n\n\n\n<p class=\"has-normal-font-size\">Die Zimmer bieten Ihnen in den Kategorien <a href=\"https:\/\/www.maien.de\/?page_id=222\" data-type=\"page\" data-id=\"222\">Standard<\/a> und <a href=\"https:\/\/www.maien.de\/?page_id=227\" data-type=\"page\" data-id=\"227\">Superior <\/a>den  Komfort eines gehobenen Gasthofes und sind mit Dusche, WC und TV ausgestattet.  Superior Zimmer sind ger\u00e4umiger und h\u00f6herwertiger ausgestattet.  <\/p>\n\n\n\n<p class=\"has-normal-font-size\">Das <a href=\"https:\/\/www.maien.de\/?page_id=139\" data-type=\"page\" data-id=\"139\">Restaurant <\/a>befindet sich in der historischen Bauernstube mit einer \u00fcber 350-j\u00e4hrigen Tradition. Man kann dort noch wie in typischen Schwarzwaldh\u00e4usern den Hergottswinkel und Kachel\u00f6fen mit der Kunst   entdecken. Besonders stolz sind wir auf unsere Hans-Thoma-Stube, die mit   Bildern des zeitgen\u00f6sischen Malers ausgestattet ist.   <\/p>\n\n\n\n<p><\/p>\n","protected":false},"excerpt":{"rendered":"<p>Aktuelle \u00d6ffnungszeiten: &#8222;Der Maien&#8220; &#8211; wie er in Todtmoos liebvoll genannt wird &#8211; ist ein zentral gelegener, familiengef\u00fchrter Gasthof im Ortskern von Todtmoos. Wir verf\u00fcgen \u00fcber 23 G\u00e4stezimmer und ein schwarzwaldtypisches Restaurant. Die Zimmer bieten Ihnen in den Kategorien Standard und Superior den Komfort eines gehobenen Gasthofes und sind mit Dusche, WC und TV ausgestattet. &hellip; <a href=\"https:\/\/www.maien.de\/\" class=\"more-link\"><span class=\"screen-reader-text\">\u201eHerzlich Willkommen im Hotel-Restaurant Maien\u201c <\/span>weiterlesen<\/a><\/p>\n","protected":false},"author":1,"featured_media":0,"parent":0,"menu_order":0,"comment_status":"closed","ping_status":"closed","template":"","meta":{"footnotes":""},"class_list":["post-209","page","type-page","status-publish","hentry"],"publishpress_future_action":{"enabled":false,"date":"2026-04-16 20:24:27","action":"change-status","newStatus":"draft","terms":[],"taxonomy":"","extraData":[]},"publishpress_future_workflow_manual_trigger":{"enabledWorkflows":[]},"_links":{"self":[{"href":"https:\/\/www.maien.de\/index.php?rest_route=\/wp\/v2\/pages\/209","targetHints":{"allow":["GET"]}}],"collection":[{"href":"https:\/\/www.maien.de\/index.php?rest_route=\/wp\/v2\/pages"}],"about":[{"href":"https:\/\/www.maien.de\/index.php?rest_route=\/wp\/v2\/types\/page"}],"author":[{"embeddable":true,"href":"https:\/\/www.maien.de\/index.php?rest_route=\/wp\/v2\/users\/1"}],"replies":[{"embeddable":true,"href":"https:\/\/www.maien.de\/index.php?rest_route=%2Fwp%2Fv2%2Fcomments&post=209"}],"version-history":[{"count":71,"href":"https:\/\/www.maien.de\/index.php?rest_route=\/wp\/v2\/pages\/209\/revisions"}],"predecessor-version":[{"id":645,"href":"https:\/\/www.maien.de\/index.php?rest_route=\/wp\/v2\/pages\/209\/revisions\/645"}],"wp:attachment":[{"href":"https:\/\/www.maien.de\/index.php?rest_route=%2Fwp%2Fv2%2Fmedia&parent=209"}],"curies":[{"name":"wp","href":"https:\/\/api.w.org\/{rel}","templated":true}]}}