{"id":238,"date":"2022-03-06T18:12:20","date_gmt":"2022-03-06T18:12:20","guid":{"rendered":"http:\/\/www.maien.de\/?page_id=238"},"modified":"2026-01-27T16:53:13","modified_gmt":"2026-01-27T16:53:13","slug":"schlemmer-urlaub","status":"publish","type":"page","link":"https:\/\/www.maien.de\/?page_id=238","title":{"rendered":"Schlemmer-Urlaub"},"content":{"rendered":"\n<h3 class=\"wp-block-heading has-text-align-center\">Verbringen Sie einen entspannenden Kurzurlaub zwischen 9.1. bis 1.5. und 1.10. bis 21.12. in unserem gem\u00fctlichen Hause<br> und lassen Sie sich f\u00fcr 2 Tage verw\u00f6hnen.<\/h3>\n\n\n\n<h3 class=\"wp-block-heading\">Unser Angebot:<\/h3>\n\n\n\n<figure class=\"wp-block-gallery has-nested-images columns-default is-cropped wp-block-gallery-1 is-layout-flex wp-block-gallery-is-layout-flex\">\n<figure class=\"wp-block-image size-full\"><img loading=\"lazy\" decoding=\"async\" width=\"386\" height=\"386\" data-id=\"619\" src=\"http:\/\/www.maien.de\/wp-content\/uploads\/2026\/01\/202601_Teller.png\" alt=\"\" class=\"wp-image-619\" srcset=\"https:\/\/www.maien.de\/wp-content\/uploads\/2026\/01\/202601_Teller.png 386w, https:\/\/www.maien.de\/wp-content\/uploads\/2026\/01\/202601_Teller-300x300.png 300w, https:\/\/www.maien.de\/wp-content\/uploads\/2026\/01\/202601_Teller-150x150.png 150w\" sizes=\"auto, (max-width: 386px) 85vw, 386px\" \/><\/figure>\n<\/figure>\n\n\n\n<p class=\"has-text-align-center\"> (nach Verf\u00fcgbarkeit im Doppelzimmer,  Zuschlag f\u00fcr Einzelzimmer und Appartment, Preise zzgl. aktueller Kurtaxe pro Tag pro Person.)<\/p>\n\n\n\n<p class=\"has-text-align-center\"> Schlemmen k\u00f6nnen Sie in der Zeit von 9.1. bis 1.5. und 1.10. bis 21.12. <br>(Betriebsferien im Nov ausgenommen) <\/p>\n","protected":false},"excerpt":{"rendered":"<p>Verbringen Sie einen entspannenden Kurzurlaub zwischen 9.1. bis 1.5. und 1.10. bis 21.12. in unserem gem\u00fctlichen Hause und lassen Sie sich f\u00fcr 2 Tage verw\u00f6hnen. Unser Angebot: (nach Verf\u00fcgbarkeit im Doppelzimmer, Zuschlag f\u00fcr Einzelzimmer und Appartment, Preise zzgl. aktueller Kurtaxe pro Tag pro Person.) Schlemmen k\u00f6nnen Sie in der Zeit von 9.1. bis 1.5. und &hellip; <a href=\"https:\/\/www.maien.de\/?page_id=238\" class=\"more-link\"><span class=\"screen-reader-text\">\u201eSchlemmer-Urlaub\u201c <\/span>weiterlesen<\/a><\/p>\n","protected":false},"author":1,"featured_media":0,"parent":0,"menu_order":0,"comment_status":"closed","ping_status":"closed","template":"","meta":{"footnotes":""},"class_list":["post-238","page","type-page","status-publish","hentry"],"publishpress_future_action":{"enabled":false,"date":"2026-05-05 13:53:52","action":"change-status","newStatus":"draft","terms":[],"taxonomy":"","extraData":[]},"publishpress_future_workflow_manual_trigger":{"enabledWorkflows":[]},"_links":{"self":[{"href":"https:\/\/www.maien.de\/index.php?rest_route=\/wp\/v2\/pages\/238","targetHints":{"allow":["GET"]}}],"collection":[{"href":"https:\/\/www.maien.de\/index.php?rest_route=\/wp\/v2\/pages"}],"about":[{"href":"https:\/\/www.maien.de\/index.php?rest_route=\/wp\/v2\/types\/page"}],"author":[{"embeddable":true,"href":"https:\/\/www.maien.de\/index.php?rest_route=\/wp\/v2\/users\/1"}],"replies":[{"embeddable":true,"href":"https:\/\/www.maien.de\/index.php?rest_route=%2Fwp%2Fv2%2Fcomments&post=238"}],"version-history":[{"count":8,"href":"https:\/\/www.maien.de\/index.php?rest_route=\/wp\/v2\/pages\/238\/revisions"}],"predecessor-version":[{"id":625,"href":"https:\/\/www.maien.de\/index.php?rest_route=\/wp\/v2\/pages\/238\/revisions\/625"}],"wp:attachment":[{"href":"https:\/\/www.maien.de\/index.php?rest_route=%2Fwp%2Fv2%2Fmedia&parent=238"}],"curies":[{"name":"wp","href":"https:\/\/api.w.org\/{rel}","templated":true}]}}

<h3 class="wp-block-heading has-text-align-center">Verbringen Sie einen entspannenden Kurzurlaub zwischen 9.1. bis 1.5. und 1.10. bis 21.12. in unserem gemütlichen Hause<br> und lassen Sie sich für 2 Tage verwöhnen.</h3>



<h3 class="wp-block-heading">Unser Angebot:</h3>



<figure class="wp-block-gallery has-nested-images columns-default is-cropped wp-block-gallery-1 is-layout-flex wp-block-gallery-is-layout-flex">
<figure class="wp-block-image size-full"><img loading="lazy" decoding="async" width="386" height="386" data-id="619" src="http://www.maien.de/wp-content/uploads/2026/01/202601_Teller.png" alt="" class="wp-image-619" srcset="https://www.maien.de/wp-content/uploads/2026/01/202601_Teller.png 386w, https://www.maien.de/wp-content/uploads/2026/01/202601_Teller-300x300.png 300w, https://www.maien.de/wp-content/uploads/2026/01/202601_Teller-150x150.png 150w" sizes="auto, (max-width: 386px) 85vw, 386px" /></figure>
</figure>



<p class="has-text-align-center"> (nach Verfügbarkeit im Doppelzimmer,  Zuschlag für Einzelzimmer und Appartment, Preise zzgl. aktueller Kurtaxe pro Tag pro Person.)</p>



<p class="has-text-align-center"> Schlemmen können Sie in der Zeit von 9.1. bis 1.5. und 1.10. bis 21.12. <br>(Betriebsferien im Nov ausgenommen) </p>

<p>Verbringen Sie einen entspannenden Kurzurlaub zwischen 9.1. bis 1.5. und 1.10. bis 21.12. in unserem gemütlichen Hause und lassen Sie sich für 2 Tage verwöhnen. Unser Angebot: (nach Verfügbarkeit im Doppelzimmer, Zuschlag für Einzelzimmer und Appartment, Preise zzgl. aktueller Kurtaxe pro Tag pro Person.) Schlemmen können Sie in der Zeit von 9.1. bis 1.5. und &hellip; <a href="https://www.maien.de/?page_id=238" class="more-link"><span class="screen-reader-text">„Schlemmer-Urlaub“ </span>weiterlesen</a></p>
